remainder when 25 is divided by 4/20 - (-138)/10?
11
Let o(z) = -6*z + 4. Let v(x) = x**2 - 6*x + 5. Let h be v(4). Let t be o(h). Let w = t - 11. What is the remainder when 31 is divided by w?
9
Calculate the remainder when 27 is divided by 0 - 1/(-2)*14.
6
Suppose -g + 0*g - 5*c + 17 = 0, -3 = -g + 2*c. What is the remainder when g is divided by 2?
1
Let c = 2 + 5. Calculate the remainder when 19 is divided by c.
5
Suppose 7*y + 110 = 9*y. Let q = -3 - -6. Suppose 0*s = -s + q, -2*w + 43 = 5*s. Calculate the remainder when y is divided by w.
13
Suppose -4*z + 3*z - 3*p = -23, -5*p + 57 = 4*z. Calculate the remainder when 22 is divided by z.
6
Let d be (-4)/(-20) - 42/(-15). Suppose 2*m + 11 = -0*f - 3*f, 0 = m - d*f - 8. What is the remainder when 411/12 - m/(-4) is divided by 18?
16
Suppose 91 = -a + 8*a. Calculate the remainder when 24 is divided by a.
11
Let o(q) = -9*q + 72. What is the remainder when 48 is divided by o(7)?
3
What is the remainder when 69 is divided by (1 - 0) + 3 + 3?
6
Suppose 4*d + 0*d - 36 = 0. Let g(v) = 48*v + 2. Let r(z) = 24*z + 1. Let a(m) = 4*g(m) - 7*r(m). What is the remainder when a(1) is divided by d?
7
Suppose 3 = -4*x - 4*p + 23, -5*x + 5*p = -5. What is the remainder when 15 is divided by x?
0
Let q = 21 + -18. Suppose -t + q = -3. Calculate the remainder when 16 is divided by t.
4
Let x = -15 - -59. Suppose -5*i + 53 = -z - x, -2*z + 34 = 2*i. Calculate the remainder when i is divided by 7.
5
Suppose z = -0*z + 48. Suppose 8*l = 5*l + z. Suppose -3*g = 2*r - 93, 4*g = -g - 2*r + 155. Calculate the remainder when g is divided by l.
15
Let j = 2 - -12. Let t = 7 + -5. Suppose 26 = s + t*f, -s + 7*f + 26 = 3*f. Calculate the remainder when s is divided by j.
12
What is the remainder when ((-17)/3)/(1/(-3)) is divided by -3 + -12*(-2)/3?
2
Suppose 0 = -0*a + 2*a + 4*d - 36, -2 = 2*d. Suppose 19*c + 333 = 28*c. What is the remainder when c is divided by a?
17
Let u(c) = c. Let f(n) = 6*n + 1. Let v(b) = -2*f(b) - 14*u(b). What is the remainder when v(-1) is divided by 9?
6
Let k(l) = l**3 - 6*l**2 + 3*l + 6. Let y be k(5). What is the remainder when (33 - -1) + (y - -3) is divided by 1340/80 - 2/(-8)?
16
Let u = -2 - -6. Suppose -2*l + 4*i = 10, -4 = -l - i - 6. What is the remainder when 10 + (0/l)/1 is divided by u?
2
Suppose f - 65 = -5*k, -4*f = -2*f. What is the remainder when 63 is divided by k?
11
Suppose 0 = -2*k + 6*k - 24. Suppose -9*r + 4*r = -50. What is the remainder when r is divided by k?
4
Let u = -119 + 200. What is the remainder when u is divided by 21?
18
Calculate the remainder when (68/51)/((-8)/(-438)) is divided by 40.
33
Let w(a) = -a**3 - 4*a**2 + 3*a + 4. Let f(v) = 7*v**2 + v. Let q be f(1). Calculate the remainder when w(-5) is divided by 0/(-1 + -1) + q.
6
Let f(k) = 2*k**2 + 3*k + 2. Suppose -y = 3*y + 588. Let o = -105 - y. Calculate the remainder when o is divided by f(-3).
9
Let s(g) = g**2 - 3*g + 5. What is the remainder when 74 is divided by s(5)?
14
Calculate the remainder when 17 is divided by (-249)/(-27) + 6/(-27).
8
Let k = 50 + -9. What is the remainder when k is divided by 22/2 - (0 + 0)?
8
Let r = 63 - 32. Let h = 50 - r. Suppose 5*p + 2*i = 60, 4*p - 2*i - 11 = 19. Calculate the remainder when h is divided by p.
9
Suppose 0 = -2*w - 5*i + 3*i + 50, 5*i - 21 = -w. Suppose 0 = -4*j + 3 + 53. Calculate the remainder when w is divided by j.
12
Suppose -2*t = 11 - 1, b + 1 = -t. Calculate the remainder when 5 is divided by b.
1
Suppose 0*i + 4*l + 69 = 3*i, -4*l = 0. What is the remainder when 89 is divided by i?
20
Let d be 0 + (0 - (-22 + 0)). Let v = -9 + d. What is the remainder when 24 is divided by v?
11
Let g(q) = 26*q**3 - 1. Let i be g(1). Suppose 5*x = -7*j + 3*j + i, -2*j - 4*x = -8. Let a = j + -5. What is the remainder when 13 is divided by a?
3
Suppose -5*p + 317 = -93. Suppose -3*h - 110 = -5*k + 2*h, 0 = -3*k - 5*h + p. Calculate the remainder when k is divided by 13.
11
Let v(c) = c**3 - 9*c**2 - 9*c - 6. Let z be v(10). Suppose z*i - 7 = 49. Calculate the remainder when 7/i + (-26)/(-4) is divided by 4.
3
Let y(w) = 4*w**2 + w - 2. Let l(k) = -k**3 + 5*k**2 - k + 1. Let o be l(5). Let h(z) = 2*z**2 + 9*z + 2. What is the remainder when y(o) is divided by h(-6)?
18
Suppose -4*w + 7 = -3*o + 55, o = 5*w + 27. What is the remainder when (6/(-4))/(1/((-28)/2)) is divided by o?
9
Suppose o - 5*a = 4*o - 471, -4*a = -o + 140. Suppose 4*z = 12 + o. Suppose -y - 14 = -2*y. What is the remainder when z is divided by y?
13
Let p = 234 + -36. What is the remainder when p is divided by 50?
48
What is the remainder when 13 is divided by 2/(-4)*2 + 6?
3
Let h = 12 + -7. What is the remainder when -2*(-3)/(-4)*(55 - 67) is divided by h?
3
Let g(z) = z + 13. Let t be g(-6). Let m = -7 + t. Let i(o) = o + 8. Calculate the remainder when 31 is divided by i(m).
7
Let v(o) = o**2 + 10*o - 11. Calculate the remainder when v(5) is divided by 17.
13
Let d(a) = -a**3 - a**2. Let k(m) = 3*m**3 - 5*m**2 - 12*m + 11. Let u(c) = 2*d(c) + k(c). What is the remainder when u(9) is divided by 17?
14
Suppose 4*t - 230 = -3*c, 0*c + 2*t = -2*c + 154. Suppose -5*a - 57 = -y - y, 5*a = 3*y - c. Calculate the remainder when y is divided by (-2 - 1)*4/(-1).
9
Suppose -3*u - n - 4*n + 50 = 0, 2*u = n + 29. Calculate the remainder when (-2)/16 + 3883/88 is divided by u.
14
Let t = 201 - 154. Calculate the remainder when 328 is divided by t.
46
Let f be 3/6 + (-635)/(-2). Let r be (f/(-5))/((-6)/20). Suppose -5*b - 3*h - r = -595, 4*b = -h + 305. What is the remainder when b is divided by 26?
24
Let i = -2 + 10. Let j = 9 - i. Let z(f) = 44*f**2 + 1. What is the remainder when z(j) is divided by 16?
13
Suppose 30 = -k + 88. What is the remainder when k is divided by 20?
18
Suppose -7 = -g - 3. Suppose 0 = 4*q - g*w - 264, -q - 41 = -2*q - 4*w. Suppose 2*o = -4*s + q + 91, 2*o = -8. What is the remainder when s is divided by 14?
12
Suppose -4*c - 10 = p, -p = -3*p - 3*c - 5. Calculate the remainder when (-3 + 22)/(1/p) is divided by (0 - 2) + 0 + 12.
8
Suppose -4*x - 6*v = -v - 259, 5*x + 5*v - 320 = 0. What is the remainder when x is divided by 16?
13
Suppose -3*m - 49 = -5*g, -3*g = -2*m - 28 - 2. What is the remainder when 65 is divided by (1 + -3)*(-68)/g?
14
Let n(u) = -14*u + 7. Let b(d) = -13*d + 8. Let c(z) = -3*b(z) + 4*n(z). What is the remainder when c(-3) is divided by 19?
17
Suppose -q + 8 + 1 = 0. Let u(g) = -g**2 - 7*g + 5. Calculate the remainder when u(-4) is divided by q.
8
Let r(y) = y**3 + 9*y**2 + 10*y + 7. What is the remainder when r(-7) is divided by 9?
8
Suppose -2*k - 132 = -596. Calculate the remainder when k is divided by 47.
44
Let s be ((-2)/(-4))/(1/460). Let u be (8/(-20))/(2/s). Let b = u + 73. What is the remainder when b is divided by 7?
6
Let j = -14 - -24. Suppose -25 = 5*d, 4*s - 2*d - d = 171. What is the remainder when s is divided by j?
9
Let k(m) = 2*m**3 - 4*m**2 + 2*m - 2. Suppose -i = 2*i - 126. Calculate the remainder when i is divided by k(3).
20
Suppose -5*j = -25, -j + 316 = 4*y + 63. What is the remainder when 122 is divided by y?
60
Let o = -19 + 40. What is the remainder when o is divided by 13?
8
Suppose 0 = 3*p - u - 4*u + 10, 4*p + 4*u - 8 = 0. Suppose -3*s = -p*s - 21. Calculate the remainder when 19 is divided by s.
5
Let d(r) = -r**3 - 4*r**2 + 5*r - 7. Let t be d(-5). Let i = t + 9. Calculate the remainder when 6 is divided by i.
0
Let l = 224 - 160. What is the remainder when l is divided by 18?
10
Let l = -43 - 35. Let x = l - -142. What is the remainder when x is divided by 11?
9
Let k = 1 - -37. Let f be (3 - 2)*(-20)/(-2). Let w = 0 + f. What is the remainder when k is divided by w?
8
Suppose 5*j = 4*j + 5. Suppose -3*d + 43 = -5*r, j*d - 5*r - 41 = 14. Calculate the remainder when d is divided by 3.
0
Let b(u) = 2*u**3 - 4*u**2 + 5*u - 4. Let t be b(3). Suppose 0 = -4*a + t + 11. Calculate the remainder when 29 is divided by a.
9
Suppose -4*c + 43 = -21. Calculate the remainder when c is divided by 3.
1
Let i = 60 - 33. Calculate the remainder when 78 is divided by i.
24
Let f = 18 + 17. Calculate the remainder when f is divided by 9.
8
Let j(y) = y**3 + 12*y**2 + 11*y + 6. Suppose -r + 5*u + 35 = -6*r, -5*r = u + 51. Calcu